 + k. Suppose 6*x - 3*x - 24 = n. List the prime factors of x.
2
Let m(o) = o - 3. Let n be m(5). Suppose 2 = n*l - 2. Suppose 0 = l*u - 4*u + 36. List the prime factors of u.
2, 3
Let o = 50 + -33. Let s = 2 - 9. Let h = s + o. What are the prime factors of h?
2, 5
Let v(a) = 2*a - 22. Let z be v(9). Let o = 2 + -3. List the prime factors of 0 - (z + (o - 1)).
2, 3
Suppose 3*h - 68 = 37. Suppose 5*t = 25 + h. Let z = t - 4. List the prime factors of z.
2
Suppose 3*x - 8*x = -10. Suppose -g + 4*g + s + x = 0, -5*s - 20 = 5*g. List the prime factors of g/(-3) - (-98)/6.
2
Suppose 2*v = 5*d - 19, v + 5*d - 42 = -14. Let l be -19 - (0 - (-2 + v)). Let z = -9 - l. List the prime factors of z.
3
Let q = -3 + 5. Suppose 3*t - 18 = -5*w, w = 2*w - t - q. List the prime factors of w.
3
Let g(k) = -7*k**2 - 4*k + 2. Let d(z) = -6*z**2 - 5*z + 2. Let w(q) = 3*d(q) - 4*g(q). List the prime factors of w(1).
3
Let y = 5 - 4. Let z be ((-130)/y)/(-2) - 1. Suppose -6*k + 2*k = -z. What are the prime factors of k?
2
Let k be (-2)/5 + 57/5. Suppose -3*p = -37 - k. Suppose -p = -3*n + 2*n. What are the prime factors of n?
2
Let u = 81 - 43. List the prime factors of u.
2, 19
Let n = 11 - 7. Suppose -y - n*y + 165 = 0. What are the prime factors of y?
3, 11
Let o = -560 - -818. What are the prime factors of (-2)/(-4*3/o)?
43
Let y be (4 + -2)/(-2) + 10. Let t = 90 - 63. What are the prime factors of 114/t + (-2)/y?
2
What are the prime factors of 30/(-2 - 46/(-20))?
2, 5
What are the prime factors of (-237)/(-21) - (-4)/(-14)?
11
Let g(a) = -5*a**2 + 4*a + 13. Let r(y) = -9*y**2 + 9*y + 25. Let f = 6 - 12. Let d(k) = f*r(k) + 11*g(k). What are the prime factors of d(-8)?
3
Suppose -7*l - 120 = -10*l. What are the prime factors of l?
2, 5
Let h(d) = 3*d**3 - 11*d**2 + 6*d - 4. Let n(a) = 10*a**3 - 34*a**2 + 18*a - 12. Let j(q) = -7*h(q) + 2*n(q). What are the prime factors of j(8)?
2, 5
Let f = 104 - 35. List the prime factors of f.
3, 23
Let o(u) = u**2 - 3 + u**2 + 4*u + 6. Let x be 8/(-2) + (-7 - -9). List the prime factors of o(x).
3
What are the prime factors of ((-14)/8 + 1)/((-2)/272)?
2, 3, 17
Suppose -5*f + o = -0*o - 30, 4*o = 0. Let s = -12 + f. List the prime factors of ((-9)/s)/(2/12).
3
Let r = 6 + -2. Suppose 2 = -r*h + 10. Suppose -h*n + 1 + 7 = 0. What are the prime factors of n?
2
Let i(q) = -2*q**2 + q - 3. Let o be i(-5). Let z = o + 129. Suppose 5*d = 2*c + c - 53, 5*c - 4*d = z. List the prime factors of c.
11
Suppose -w - w = -5*v + 7, 2*v - 22 = -4*w. Suppose -w*y - y = -25. Suppose -19 = -y*l + 6. List the prime factors of l.
5
Let s = -9 - -16. List the prime factors of (19 - s) + -4 + 1.
3
Let w(k) = -39*k + 2. What are the prime factors of w(-3)?
7, 17
Let t(z) = z**3 + 4*z**2 + 4*z + 2. Let f be t(-2). Suppose -4*d = -f*d - 18. What are the prime factors of d?
3
Suppose 9*k - 12*k = -855. List the prime factors of k.
3, 5, 19
Let n = 98 - 96. What are the prime factors of n?
2
Let p(h) = 7*h**2 - 6*h**2 + 6*h**2 + h - 2*h. Suppose -2*w = -3*w + 1. What are the prime factors of p(w)?
2, 3
Suppose 2*o - 42 - 2 = 0. Let q = o - 12. List the prime factors of q.
2, 5
Let d(l) = 2*l**2 + 5*l - 1. Suppose 4*c + 4 = i + i, -3*c - 4*i = -8. Suppose 10 = -p - 3*s, 0 = -3*p + 4*s - c - 4. List the prime factors of d(p).
11
Suppose 0*m = -3*m. Suppose m = -5*b + 2*z - 348, -b + 5*b = 5*z - 292. What are the prime factors of (-2)/(-4) - b/8?
3
Suppose 64*k + 267 = 65*k. List the prime factors of k.
3, 89
Let s(v) be the first derivative of v**2/2 + 5*v - 4. Let n be s(5). Suppose -n = -0*m - m. List the prime factors of m.
2, 5
Suppose 12 = 5*l - 2*l. Suppose l*h = 4*j + 20, -28 + 3 = 5*j. List the prime factors of 11 - (h - 2*-1).
3
Suppose 0 = 7*t + 23 - 1808. What are the prime factors of t?
3, 5, 17
Let u be (13 + 1)/2 - 1. Let l(a) = -a**3 + 6*a**2 + 2*a - 6. What are the prime factors of l(u)?
2, 3
Let a(g) = g**2 + 11*g - 5. Let m be a(-11). Let y = 8 + m. List the prime factors of y.
3
Suppose 0 = -2*o + 5*c + 7, -2*o + 16 + 1 = 5*c. Suppose 4 = -o*y + 2*y. List the prime factors of 4/(2 + y - 0).
2
Suppose 4*c + 4*m - 20 = 0, c + 5*m = 6*c - 55. Let j(v) be the first derivative of -v**4/4 + 8*v**3/3 + v**2/2 - v + 3. What are the prime factors of j(c)?
7
Let y be (-10)/(-3) - (-2)/3. Suppose r = 2*r - 5*b + 23, y*r = -4*b - 140. Let z = -18 - r. What are the prime factors of z?
3, 5
Suppose 15 = 2*o + z, 4*o - z - 9 = 4*z. What are the prime factors of o?
2, 3
Let r be -15*((-12)/(-9))/(-2). Let f = r - 6. What are the prime factors of f?
2
Let s be -1*(-26 - -3) - -1. Suppose -5*v + s + 46 = 0. What are the prime factors of v?
2, 7
Suppose 13*t - 10*t = -54. Let h = 54 + t. What are the prime factors of h?
2, 3
Let a be (3/(-1))/(3/2). Let s(q) = -q**3 + 2*q + 1. Let g be s(-2). Let w = a + g. List the prime factors of w.
3
Let d(w) = w**2 + 3*w + 4. Let m be d(-3). Suppose 0 = u - 2*u - m. List the prime factors of u + 5 + (-1 - -2).
2
Let h = 110 - -85. List the prime factors of h.
3, 5, 13
Let l be 8/(-12) - 104/(-3). Suppose -k = k - l. What are the prime factors of k?
17
Let r be (3/4)/((-3)/(-12)). Suppose 0 = -r*j + 77 + 13. What are the prime factors of j?
2, 3, 5
Suppose -3*q - 26 = -5*n - q, -5*q - 27 = -3*n. Suppose -3*x + 7 = -5. Suppose -3*u + 3 = 0, -u - 11 = -n*s + x*u. List the prime factors of s.
2
Suppose -5*u - 6 = 4*c - 85, 3*u - 4*c = 41. List the prime factors of u.
3, 5
List the prime factors of (-2675)/(-50) - 1/2.
53
Let r(k) = -k**2 + k + 4. Let v(g) = -2*g**2 + 4*g + 12. Let n(y) = -11*r(y) + 4*v(y). List the prime factors of n(-3).
2
Suppose 3*c + 5*v - 65 = 48, 127 = 3*c - 2*v. What are the prime factors of c?
41
Let c(h) = -h**2 + 9*h - 10. Let a be c(7). Suppose 0 = -a*n + 2*n + 34. List the prime factors of n.
17
Let r(o) = 2*o**2 + 5*o + 2. Let i = -2 + -2. What are the prime factors of r(i)?
2, 7
Suppose -5*t = -5*o - 40, -6*o + 20 = -2*o. Suppose -3*d + 15 = 4*b, -4*b + 11 = -4*d + b. Let y = t - d. What are the prime factors of y?
2, 3
Let n be (-3)/(-4) - (-414)/24. Let l be (1 + -2)*0/1. Suppose l = -s + n - 1. List the prime factors of s.
17
Let h = 492 + -342. What are the prime factors of h?
2, 3, 5
Let u = -8 + 7. Let h(b) = -6*b + 1. What are the prime factors of h(u)?
7
Let x be 31 + (-1 - (2 + -2)). Let w = x - -10. Suppose 0*m - 4*m + w = -3*a, -4*m + 4*a + 44 = 0. What are the prime factors of m?
7
Let v(t) = -t**2 - 11*t + 8. List the prime factors of v(-10).
2, 3
Let u be (-450)/(-12) + 1/(-2). Let p = u + -13. Suppose 0*y = 4*y - p. What are the prime factors of y?
2, 3
Let q(g) = 2*g**2 + 15*g + 20. What are the prime factors of q(-10)?
2, 5, 7
Suppose 0 = -r - b + 93 + 42, -135 = -r - 5*b. What are the prime factors of r?
3, 5
Suppose m = -0*m + 64. Suppose -5*v + v = -4*c + m, -4*v - 4 = c. List the prime factors of c.
2, 3
Let v = 0 - -4. Let l be (15/2)/(2/v). What are the prime factors of (0 - -1)*(-3 + l)?
2, 3
Let n(h) = -h**2 + 18*h - 15. What are the prime factors of n(16)?
17
Let l(g) = -g**2 - g + 1. Let k be l(2). Let v(c) = -c**2 - 6*c - 1. Let z be v(k). Suppose z*f = 5 + 3. List the prime factors of f.
2
Let s(i) = -i + 7*i - 6*i**2 + 7 - 3 - 2*i**3. Let z(t) = t**3 + 7*t**2 - 6*t - 4. Let k(j) = 2*s(j) + 3*z(j). What are the prime factors of k(8)?
2, 3
Let f(y) be the third derivative of -y**5/60 - y**4/24 + 29*y**3/6 + 2*y**2. Let z be f(0). Suppose -4*u + z + 11 = 0. List the prime factors of u.
2, 5
Let i = -12 + 17. Suppose -5*k + 135 = i*j, k = 5*j - 124 + 19. List the prime factors of j.
2, 11
Suppose 0 = 4*q - 2*x - 214 - 38, -4*q - 3*x = -262. List the prime factors of q.
2
Let c be 5*(2 - 1) - 3. Suppose -c*b - 3*b = -300. Suppose 2*p + 15 = 3*p - 2*r, 4*p - b = 3*r. List the prime factors of p.
3, 5
Suppose 0*m = -4*m + 4. Let d(b) = -2*b + b + m + 1 + 2*b. What are the prime factors of d(6)?
2
Let g = 6 - 3. Let h be (-46)/(-3) + g/(-9). Suppose -h = -3*d - 2*d. What are the prime factors of d?
3
Let c be (-2)/((-6)/(-9)) - -3. Suppose -5*j - a + 22 = -23, c = -3*j - 4*a + 27. List the prime factors of j.
3
Let g(o) = o**3 - 6*o**2. Let z be g(6). Suppose z = 2*m + m. Suppose m = -4*d - d + 15. List the prime factors of d.
3
Suppose 6 - 1 = -5*x. List the 